1, what is -2 + -84?
-86
In base 12, what is 9 + -6?
3
In base 6, what is -110 - 45?
-155
In base 12, what is -9b - 2?
-a1
In base 11, what is -8 + 19?
11
In base 15, what is -c8 - -1?
-c7
In base 8, what is -4364 - 10?
-4374
In base 13, what is 5 - 2c?
-27
In base 15, what is 3 - -39?
3c
In base 4, what is -2 + 123012?
123010
In base 5, what is 2344 - -10?
2404
In base 14, what is -129 - -2?
-127
In base 8, what is -4 + -2425?
-2431
In base 2, what is -100 + -10000001?
-10000101
In base 6, what is 1512 - -3?
1515
In base 7, what is -1066 + 4?
-1062
In base 9, what is -132 - 5?
-137
In base 12, what is 9 + -3?
6
In base 15, what is -158 - 0?
-158
In base 12, what is -38 + b5?
79
In base 3, what is -10 - -1021120?
1021110
In base 5, what is 22301 + 1?
22302
In base 2, what is -1010001000 + 0?
-1010001000
In base 8, what is -6 - -15?
7
In base 3, what is 20000 + 102?
20102
In base 12, what is -26 + 13b?
115
In base 13, what is 298 - 2?
296
In base 12, what is -1 - -203?
202
In base 14, what is 1d + 0?
1d
In base 10, what is -50 - 0?
-50
In base 7, what is -6 - -122?
113
In base 5, what is -202 - -2?
-200
In base 10, what is 5 - 31?
-26
In base 8, what is -3 - -11?
6
In base 6, what is -21424 + -4?
-21432
In base 16, what is -32e + 1?
-32d
In base 6, what is -1000052 + 0?
-1000052
In base 13, what is 75 + -2?
73
In base 8, what is 14525 + -5?
14520
In base 6, what is 1514035 + 3?
1514042
In base 14, what is 20c - -27?
235
In base 15, what is -5 - -36b?
366
In base 10, what is 344 + 2?
346
In base 16, what is -3 - -127a?
1277
In base 11, what is -2274 + 4?
-2270
In base 10, what is 3 + 1689?
1692
In base 2, what is -1110101010 + -1?
-1110101011
In base 2, what is 10001111 + 101?
10010100
In base 6, what is 0 + 352?
352
In base 6, what is 13443 - -4?
13451
In base 8, what is 13411 - 3?
13406
In base 12, what is -aa - 4?
-b2
In base 9, what is 3 - 1764?
-1761
In base 8, what is 1357 + 13?
1372
In base 3, what is 12021 + 21?
12112
In base 6, what is 4 + 4?
12
In base 11, what is -268 - -2?
-266
In base 3, what is 12 - -10200?
10212
In base 3, what is -2201 + -110111?
-120012
In base 9, what is -4 + -1240?
-1244
In base 8, what is 0 - -1452?
1452
In base 6, what is 12045 + -1?
12044
In base 11, what is -627 + 7?
-620
In base 11, what is 1a1 + 5?
1a6
In base 12, what is 283 - 47?
238
In base 2, what is 101 + -101110?
-101001
In base 5, what is -22220 + -2?
-22222
In base 11, what is -198 - 25?
-212
In base 4, what is 0 + 3002?
3002
In base 8, what is -40 + 7?
-31
In base 10, what is 624 + 5?
629
In base 16, what is 0 - 1ac?
-1ac
In base 8, what is 203 + 3?
206
In base 14, what is 2 - -264?
266
In base 14, what is -bb9 + 0?
-bb9
In base 6, what is 10 + 3120?
3130
In base 14, what is 2 - 21?
-1d
In base 13, what is -c + 7?
-5
In base 3, what is 1222 + 110?
2102
In base 6, what is -1 + 523?
522
In base 6, what is -12 + 12?
0
In base 12, what is 500b - -5?
5014
In base 9, what is -1234 - 1?
-1235
In base 13, what is 133 + -2?
131
In base 16, what is -3 + -1c?
-1f
In base 13, what is -35a + -4?
-361
In base 12, what is -592a - 2?
-5930
In base 5, what is -10 - -1120?
1110
In base 11, what is 6 - 179?
-173
In base 12, what is -478 + 7?
-471
In base 5, what is -1000 - -4?
-441
In base 5, what is -10 + -134?
-144
In base 2, what is 101 - -10011001?
10011110
In base 3, what is -101 - 21010?
-21111
In base 4, what is -23302 + -1?
-23303
In base 12, what is 78 - 143?
-87
In base 10, what is 5 - -139?
144
In base 15, what is a86 + -5?
a81
In base 2, what is -1000100 - -110?
-111110
In base 12, what is -5 + 45?
40
In base 4, what is -10 - 2030?
-2100
In base 10, what is -260 + 4?
-256
In base 10, what is -1 + -178?
-179
In base 14, what is -11a - -3?
-117
In base 2, what is -11101 + 111?
-10110
In base 9, what is 1072 + 2?
1074
In base 16, what is 25a3 + 2?
25a5
In base 3, what is -101 + -122?
-1000
In base 13, what is -15 - 132?
-147
In base 2, what is -1 - -100010100?
100010011
In base 10, what is 8 + 48?
56
In base 8, what is -1 - 6623?
-6624
In base 15, what is 14 + -1?
13
In base 7, what is 43661 + -2?
43656
In base 3, what is -111102 - -100?
-111002
In base 4, what is -302 + -22110?
-23012
In base 13, what is c - -24?
33
In base 3, what is -1002111200 - -12?
-1002111111
In base 3, what is -12 - -1111112?
1111100
In base 3, what is -2 - 2002002?
-2002011
In base 9, what is -11 - 14?
-25
In base 9, what is 32 + -18?
13
In base 7, what is -615 - 2?
-620
In base 7, what is 4310 + -2?
4305
In base 11, what is -21 - 3?
-24
In base 9, what is -10 - 57?
-67
In base 16, what is -2 + -780?
-782
In base 14, what is 13 + -249?
-236
In base 15, what is -442 - -1?
-441
In base 11, what is 5 - -21?
26
In base 5, what is -11 + 103?
42
In base 13, what is 7 + 1566?
1570
In base 9, what is -568 + -3?
-572
In base 13, what is -b + -1?
-c
In base 3, what is 2020 + 221?
10011
In base 2, what is -1000 + -10001?
-11001
In base 7, what is -2 + -155?
-160
In base 8, what is 45 - 1?
44
In base 2, what is -101101 + 1?
-101100
In base 5, what is 400 - -10?
410
In base 14, what is 9 + -915?
-90a
In base 15, what is -615 - -3?
-612
In base 13, what is -44 - -2?
-42
In base 8, what is 4 - 44?
-40
In base 16, what is -1 + -28?
-29
In base 8, what is -72 + 4?
-66
In base 3, what is -111 - -11?
-100
In base 8, what is 14 + 42?
56
In base 4, what is 130 - 1211?
-1021
In base 9, what is -531 - -2?
-528
In base 9, what is 28376 + -3?
28373
In base 2, what is -1101 + 111000010?
110110101
In base 14, what is 5 + 5?
a
In base 11, what is 1 - 151?
-150
In base 13, what is -cb5 + 6?
-cac
In base 12, what is 11 - 13?
-2
In base 7, what is -4 - -13?
6
In base 15, what is 4 + 13?
17
In base 13, what is 29 - -a?
36
In base 5, what is 3232 - 2?
3230
In base 9, what is -7 - -12?
4
In base 12, what is -32 + -2?
-34
In base 15, what is 77 + 4?
7b
In base 14, what is 5 - -64?
69
In base 6, what is -1533 - 5?
-1542
In base 3, what is 211111 - -10?
211121
In base 7, what is -1 + -12?
-13
In base 15, what is 1 + 15?
16
In base 16, what is -4 + -178?
-17c
In base 15, what is -3 - 11b?
-11e
In base 9, what is -2 + -41?
-43
In base 3, what is -100 + 11210?
11110
In base 15, what is 114b - 1?
114a
In base 2, what is -1011 - -10000000?
1110101
In base 13, what is -8 - -2a9?
2a1
In base 4, what is 10 - 22213?
-22203
In base 9, what is 4 + -115?
-111
In base 14, what is 239 + -1?
238
In base 14, what is -bb8 - 2?
-bba
In base 7, what is -310 - 20?
-330
In base 13, what is -b3 + 5?
-ab
In base 9, what is 1 + 132?
133
In base 11, what is -43 + -22?
-65
In base 14, what is -8cb - -4?
-8c7
In base 12, what is 5 - 5392?
-5389
In base 10, what is -1191 + -2?
-1193
In base 9, what is -2 + 5673?
5671
In base 15, what is -9 + -1e6?
-200
In base 16, what is 8a - -4?
8e
In base 2, what is -110 - 10010100110?
-10010101100
In base 7, what is -4116 + 2?
-4114
In base 5, what is 2143 + -3?
2140
In base 9, what is 5 - -146?
152
In base 13, what is 91 + 2?
93
In base 15, what is ac - -7?
b4
In base 6, what is 2412 + -3?
2405
In base 14, what is -11a + -7?
-123
In base 5, what is 13131 - 10?
13121
In base 2, what is -10011000 + 10000?
-10001000
In base 7, what is 4 - -514?
521
In base 11, what is 490 - 39?
452
In base 8, what is 4 - -14?
20
In base 16, what is -f82 - -2?
-f80
In base 4, what is 23 - -200?
223
In base 5, what is 2 + -103323?
-103321
In base 15, what is -4 - -1b6?
1b2
In base 6, what is 2 - 331?
-325
In base 14, what is -2 + -28?
-2a
In base 4, what is -11322 + 21?
-11301
In base 16, what is 221 + -1?
220
In base 10, what is 44 - -7?
51
In base 12, what is 0 + 61?
61
In base 16, what is 25 + -3?
22
In base 15, what is -6 - -22?
1b
In base 15, what is -3c4 - -4?
-3c0
In base 10, what is -5 + 69?
64
In base 11, what is 23 + -76?
-53
In base 7, what is 11 + 130?
141
In base 2, what is 100101 + -1?
100100
In base 15, what is -cb + -7?
-d3
In base 14, what is -6c1 - 2?
-6c3
In base 13, what is -8 - 434?
-43c
In base 11, what is 1 + aa?
100
In base 9, what is -2 - 0?
-2
In base 9, what is -152 + -141?
-303
In base 7, what is -310 - 11?
-321
In base 16, what is -4f + 2?
-4d
In base 6, what is 1 + 12?
13
In base 9, what is -1 + 11?
10
In base 5, what is 224 - 1?
223
In base 9, what is -1 - 56?
-57
In base 15, what is -6 + 35